{"id":789,"date":"2022-11-22T20:46:56","date_gmt":"2022-11-22T20:46:56","guid":{"rendered":"https:\/\/chiladelasal.gob.mx\/web\/?page_id=789"},"modified":"2022-11-22T20:46:56","modified_gmt":"2022-11-22T20:46:56","slug":"estados-financieros-nsarc","status":"publish","type":"page","link":"https:\/\/chiladelasal.gob.mx\/web\/informacion-financiera\/2022-2\/estados-financieros-octubre\/estados-financieros-nsarc\/","title":{"rendered":"Estados Financieros NSARC"},"content":{"rendered":"\n<!-- Generado usando Document Gallery. Obtenga el suyo aqu\u00ed:http:\/\/wordpress.org\/extend\/plugins\/document-gallery -->\n<div id=\"document-gallery-1\" class=\"document-gallery\" data-shortcode='{\"id\":789,\"include\":\"642,641,640,639,638,637,631,632,633,634,635,636,630,629,628,627,626,625,619,620,621,622,623,624,618,617\",\"exclude\":\"\",\"attachment_pg\":false,\"columns\":4,\"descriptions\":false,\"fancy\":true,\"limit\":-1,\"mime_types\":\"application,video,text,audio,image\",\"new_window\":false,\"order\":\"ASC\",\"orderby\":\"post__in\",\"paginate\":true,\"post_status\":\"any\",\"post_type\":\"attachment\",\"relation\":\"AND\",\"skip\":0}' style='--dg-icon-width: 24%'>\n<div class='document-icon-row'>\n   <div class=\"document-icon\">\n      <a href=\"https:\/\/chiladelasal.gob.mx\/web\/wp-content\/uploads\/2022\/11\/Programas-y-Proyectos-de-Inversion-2.pdf\" target=\"_self\">\n         <img decoding=\"async\" src=\"https:\/\/chiladelasal.gob.mx\/web\/wp-content\/plugins\/document-gallery\/src\/assets\/icons\/pdf.png\" title=\"Programas Y Proyectos De Inversi\u00f3n\" alt=\"Programas Y Proyectos De Inversi\u00f3n\" data-ext=\"pdf\" data-id=\"642\"\/>\n         <span class=\"title\">Programas Y Proyectos De Inversi\u00f3n<\/span>\n      <\/a>\n   <\/div>\n   <div class=\"document-icon\">\n      <a href=\"https:\/\/chiladelasal.gob.mx\/web\/wp-content\/uploads\/2022\/11\/Notas-Estado-de-Situacion-Financiera.pdf\" target=\"_self\">\n         <img decoding=\"async\" src=\"https:\/\/chiladelasal.gob.mx\/web\/wp-content\/plugins\/document-gallery\/src\/assets\/icons\/pdf.png\" title=\"Notas Estado De Situaci\u00f3n Financiera\" alt=\"Notas Estado De Situaci\u00f3n Financiera\" data-ext=\"pdf\" data-id=\"641\"\/>\n         <span class=\"title\">Notas Estado De Situaci\u00f3n Financiera<\/span>\n      <\/a>\n   <\/div>\n   <div class=\"document-icon\">\n      <a href=\"https:\/\/chiladelasal.gob.mx\/web\/wp-content\/uploads\/2022\/11\/Notas-de-Memoria-2.pdf\" target=\"_self\">\n         <img decoding=\"async\" src=\"https:\/\/chiladelasal.gob.mx\/web\/wp-content\/plugins\/document-gallery\/src\/assets\/icons\/pdf.png\" title=\"Notas De Memoria\" alt=\"Notas De Memoria\" data-ext=\"pdf\" data-id=\"640\"\/>\n         <span class=\"title\">Notas De Memoria<\/span>\n      <\/a>\n   <\/div>\n   <div class=\"document-icon\">\n      <a href=\"https:\/\/chiladelasal.gob.mx\/web\/wp-content\/uploads\/2022\/11\/Notas-al-Estado-de-Variacion-Hacienda-Publica-2.pdf\" target=\"_self\">\n         <img decoding=\"async\" src=\"https:\/\/chiladelasal.gob.mx\/web\/wp-content\/plugins\/document-gallery\/src\/assets\/icons\/pdf.png\" title=\"Notas Al Estado De Variacion Hacienda P\u00fablica\" alt=\"Notas Al Estado De Variacion Hacienda P\u00fablica\" data-ext=\"pdf\" data-id=\"639\"\/>\n         <span class=\"title\">Notas Al Estado De Variacion Hacienda P\u00fablica<\/span>\n      <\/a>\n   <\/div>\n\n<\/div>\n<div class='document-icon-row'>\n   <div class=\"document-icon\">\n      <a href=\"https:\/\/chiladelasal.gob.mx\/web\/wp-content\/uploads\/2022\/11\/Notas-al-Estado-de-Actividades-2.pdf\" target=\"_self\">\n         <img decoding=\"async\" src=\"https:\/\/chiladelasal.gob.mx\/web\/wp-content\/plugins\/document-gallery\/src\/assets\/icons\/pdf.png\" title=\"Notas Al Estado De Actividades\" alt=\"Notas Al Estado De Actividades\" data-ext=\"pdf\" data-id=\"638\"\/>\n         <span class=\"title\">Notas Al Estado De Actividades<\/span>\n      <\/a>\n   <\/div>\n   <div class=\"document-icon\">\n      <a href=\"https:\/\/chiladelasal.gob.mx\/web\/wp-content\/uploads\/2022\/11\/Notas-al-Estado-de-Flujos-de-Efectivo-1.pdf\" target=\"_self\">\n         <img decoding=\"async\" src=\"https:\/\/chiladelasal.gob.mx\/web\/wp-content\/plugins\/document-gallery\/src\/assets\/icons\/pdf.png\" title=\"Notas Al Estado De Flujos De Efectivo\" alt=\"Notas Al Estado De Flujos De Efectivo\" data-ext=\"pdf\" data-id=\"637\"\/>\n         <span class=\"title\">Notas Al Estado De Flujos De Efectivo<\/span>\n      <\/a>\n   <\/div>\n   <div class=\"document-icon\">\n      <a href=\"https:\/\/chiladelasal.gob.mx\/web\/wp-content\/uploads\/2022\/11\/Flujo-de-Fondos-2.pdf\" target=\"_self\">\n         <img decoding=\"async\" src=\"https:\/\/chiladelasal.gob.mx\/web\/wp-content\/plugins\/document-gallery\/src\/assets\/icons\/pdf.png\" title=\"Flujo De Fondos\" alt=\"Flujo De Fondos\" data-ext=\"pdf\" data-id=\"631\"\/>\n         <span class=\"title\">Flujo De Fondos<\/span>\n      <\/a>\n   <\/div>\n   <div class=\"document-icon\">\n      <a href=\"https:\/\/chiladelasal.gob.mx\/web\/wp-content\/uploads\/2022\/11\/Gasto-Por-Categoria-Programatica.pdf\" target=\"_self\">\n         <img decoding=\"async\" src=\"https:\/\/chiladelasal.gob.mx\/web\/wp-content\/plugins\/document-gallery\/src\/assets\/icons\/pdf.png\" title=\"Gasto Por Categor\u00eda Program\u00e1tica\" alt=\"Gasto Por Categor\u00eda Program\u00e1tica\" data-ext=\"pdf\" data-id=\"632\"\/>\n         <span class=\"title\">Gasto Por Categor\u00eda Program\u00e1tica<\/span>\n      <\/a>\n   <\/div>\n\n<\/div>\n<div class='document-icon-row'>\n   <div class=\"document-icon\">\n      <a href=\"https:\/\/chiladelasal.gob.mx\/web\/wp-content\/uploads\/2022\/11\/Indicadores-de-Postura-Fiscal-2.pdf\" target=\"_self\">\n         <img decoding=\"async\" src=\"https:\/\/chiladelasal.gob.mx\/web\/wp-content\/plugins\/document-gallery\/src\/assets\/icons\/pdf.png\" title=\"Indicadores De Postura Fiscal\" alt=\"Indicadores De Postura Fiscal\" data-ext=\"pdf\" data-id=\"633\"\/>\n         <span class=\"title\">Indicadores De Postura Fiscal<\/span>\n      <\/a>\n   <\/div>\n   <div class=\"document-icon\">\n      <a href=\"https:\/\/chiladelasal.gob.mx\/web\/wp-content\/uploads\/2022\/11\/Indicadores-de-Resultados-2.pdf\" target=\"_self\">\n         <img decoding=\"async\" src=\"https:\/\/chiladelasal.gob.mx\/web\/wp-content\/plugins\/document-gallery\/src\/assets\/icons\/pdf.png\" title=\"Indicadores De Resultados\" alt=\"Indicadores De Resultados\" data-ext=\"pdf\" data-id=\"634\"\/>\n         <span class=\"title\">Indicadores De Resultados<\/span>\n      <\/a>\n   <\/div>\n   <div class=\"document-icon\">\n      <a href=\"https:\/\/chiladelasal.gob.mx\/web\/wp-content\/uploads\/2022\/11\/Informe-sobre-Pasivos-Contingentes-2.pdf\" target=\"_self\">\n         <img decoding=\"async\" src=\"https:\/\/chiladelasal.gob.mx\/web\/wp-content\/plugins\/document-gallery\/src\/assets\/icons\/pdf.png\" title=\"Informe Sobre Pasivos Contingentes\" alt=\"Informe Sobre Pasivos Contingentes\" data-ext=\"pdf\" data-id=\"635\"\/>\n         <span class=\"title\">Informe Sobre Pasivos Contingentes<\/span>\n      <\/a>\n   <\/div>\n   <div class=\"document-icon\">\n      <a href=\"https:\/\/chiladelasal.gob.mx\/web\/wp-content\/uploads\/2022\/11\/Intereses-de-la-Deuda-1.pdf\" target=\"_self\">\n         <img decoding=\"async\" src=\"https:\/\/chiladelasal.gob.mx\/web\/wp-content\/plugins\/document-gallery\/src\/assets\/icons\/pdf.png\" title=\"Intereses De La Deuda\" alt=\"Intereses De La Deuda\" data-ext=\"pdf\" data-id=\"636\"\/>\n         <span class=\"title\">Intereses De La Deuda<\/span>\n      <\/a>\n   <\/div>\n\n<\/div>\n<div class='document-icon-row'>\n   <div class=\"document-icon\">\n      <a href=\"https:\/\/chiladelasal.gob.mx\/web\/wp-content\/uploads\/2022\/11\/Estado-de-Variacion-Hacienda-Publica-1.pdf\" target=\"_self\">\n         <img decoding=\"async\" src=\"https:\/\/chiladelasal.gob.mx\/web\/wp-content\/plugins\/document-gallery\/src\/assets\/icons\/pdf.png\" title=\"Estado De Variaci\u00f3n Hacienda P\u00fablica\" alt=\"Estado De Variaci\u00f3n Hacienda P\u00fablica\" data-ext=\"pdf\" data-id=\"630\"\/>\n         <span class=\"title\">Estado De Variaci\u00f3n Hacienda P\u00fablica<\/span>\n      <\/a>\n   <\/div>\n   <div class=\"document-icon\">\n      <a href=\"https:\/\/chiladelasal.gob.mx\/web\/wp-content\/uploads\/2022\/11\/Estado-de-Situacion-Financiera-2.pdf\" target=\"_self\">\n         <img decoding=\"async\" src=\"https:\/\/chiladelasal.gob.mx\/web\/wp-content\/plugins\/document-gallery\/src\/assets\/icons\/pdf.png\" title=\"Estado De Situaci\u00f3n Financiera\" alt=\"Estado De Situaci\u00f3n Financiera\" data-ext=\"pdf\" data-id=\"629\"\/>\n         <span class=\"title\">Estado De Situaci\u00f3n Financiera<\/span>\n      <\/a>\n   <\/div>\n   <div class=\"document-icon\">\n      <a href=\"https:\/\/chiladelasal.gob.mx\/web\/wp-content\/uploads\/2022\/11\/Estado-de-Flujos-de-Efectivo-2.pdf\" target=\"_self\">\n         <img decoding=\"async\" src=\"https:\/\/chiladelasal.gob.mx\/web\/wp-content\/plugins\/document-gallery\/src\/assets\/icons\/pdf.png\" title=\"Estado De Flujos De Efectivo\" alt=\"Estado De Flujos De Efectivo\" data-ext=\"pdf\" data-id=\"628\"\/>\n         <span class=\"title\">Estado De Flujos De Efectivo<\/span>\n      <\/a>\n   <\/div>\n   <div class=\"document-icon\">\n      <a href=\"https:\/\/chiladelasal.gob.mx\/web\/wp-content\/uploads\/2022\/11\/Estado-de-Cambios-en-la-Situacion-Financiera-2.pdf\" target=\"_self\">\n         <img decoding=\"async\" src=\"https:\/\/chiladelasal.gob.mx\/web\/wp-content\/plugins\/document-gallery\/src\/assets\/icons\/pdf.png\" title=\"Estado De Cambios En La Situaci\u00f3n Financiera\" alt=\"Estado De Cambios En La Situaci\u00f3n Financiera\" data-ext=\"pdf\" data-id=\"627\"\/>\n         <span class=\"title\">Estado De Cambios En La Situaci\u00f3n Financiera<\/span>\n      <\/a>\n   <\/div>\n\n<\/div>\n<div class='document-icon-row'>\n   <div class=\"document-icon\">\n      <a href=\"https:\/\/chiladelasal.gob.mx\/web\/wp-content\/uploads\/2022\/11\/Estado-de-Actividades-2.pdf\" target=\"_self\">\n         <img decoding=\"async\" src=\"https:\/\/chiladelasal.gob.mx\/web\/wp-content\/plugins\/document-gallery\/src\/assets\/icons\/pdf.png\" title=\"Estado De Actividades\" alt=\"Estado De Actividades\" data-ext=\"pdf\" data-id=\"626\"\/>\n         <span class=\"title\">Estado De Actividades<\/span>\n      <\/a>\n   <\/div>\n   <div class=\"document-icon\">\n      <a href=\"https:\/\/chiladelasal.gob.mx\/web\/wp-content\/uploads\/2022\/11\/Estado-Analitico-del-Ingresos.pdf\" target=\"_self\">\n         <img decoding=\"async\" src=\"https:\/\/chiladelasal.gob.mx\/web\/wp-content\/plugins\/document-gallery\/src\/assets\/icons\/pdf.png\" title=\"Estado Anal\u00edtico Del Ingresos\" alt=\"Estado Anal\u00edtico Del Ingresos\" data-ext=\"pdf\" data-id=\"625\"\/>\n         <span class=\"title\">Estado Anal\u00edtico Del Ingresos<\/span>\n      <\/a>\n   <\/div>\n   <div class=\"document-icon\">\n      <a href=\"https:\/\/chiladelasal.gob.mx\/web\/wp-content\/uploads\/2022\/11\/Estado-Analitico-Clasificacion-Administrativa-2.pdf\" target=\"_self\">\n         <img decoding=\"async\" src=\"https:\/\/chiladelasal.gob.mx\/web\/wp-content\/plugins\/document-gallery\/src\/assets\/icons\/pdf.png\" title=\"Estado Anal\u00edtico Clasificaci\u00f3n Administrativa\" alt=\"Estado Anal\u00edtico Clasificaci\u00f3n Administrativa\" data-ext=\"pdf\" data-id=\"619\"\/>\n         <span class=\"title\">Estado Anal\u00edtico Clasificaci\u00f3n Administrativa<\/span>\n      <\/a>\n   <\/div>\n   <div class=\"document-icon\">\n      <a href=\"https:\/\/chiladelasal.gob.mx\/web\/wp-content\/uploads\/2022\/11\/Estado-Analitico-Clasificacion-Economica-2.pdf\" target=\"_self\">\n         <img decoding=\"async\" src=\"https:\/\/chiladelasal.gob.mx\/web\/wp-content\/plugins\/document-gallery\/src\/assets\/icons\/pdf.png\" title=\"Estado Anal\u00edtico Clasificaci\u00f3n Econ\u00f3mica\" alt=\"Estado Anal\u00edtico Clasificaci\u00f3n Econ\u00f3mica\" data-ext=\"pdf\" data-id=\"620\"\/>\n         <span class=\"title\">Estado Anal\u00edtico Clasificaci\u00f3n Econ\u00f3mica<\/span>\n      <\/a>\n   <\/div>\n\n<\/div>\n<div class='document-icon-row'>\n   <div class=\"document-icon\">\n      <a href=\"https:\/\/chiladelasal.gob.mx\/web\/wp-content\/uploads\/2022\/11\/Estado-Analitico-Clasificacion-Funcional-2.pdf\" target=\"_self\">\n         <img decoding=\"async\" src=\"https:\/\/chiladelasal.gob.mx\/web\/wp-content\/plugins\/document-gallery\/src\/assets\/icons\/pdf.png\" title=\"Estado Anal\u00edtico Clasificaci\u00f3n Funcional\" alt=\"Estado Anal\u00edtico Clasificaci\u00f3n Funcional\" data-ext=\"pdf\" data-id=\"621\"\/>\n         <span class=\"title\">Estado Anal\u00edtico Clasificaci\u00f3n Funcional<\/span>\n      <\/a>\n   <\/div>\n   <div class=\"document-icon\">\n      <a href=\"https:\/\/chiladelasal.gob.mx\/web\/wp-content\/uploads\/2022\/11\/Estado-Analitico-Clasificacion-por-Objeto-del-Gasto-2.pdf\" target=\"_self\">\n         <img decoding=\"async\" src=\"https:\/\/chiladelasal.gob.mx\/web\/wp-content\/plugins\/document-gallery\/src\/assets\/icons\/pdf.png\" title=\"Estado Anal\u00edtico Clasificaci\u00f3n Por Objeto Del Gasto\" alt=\"Estado Anal\u00edtico Clasificaci\u00f3n Por Objeto Del Gasto\" data-ext=\"pdf\" data-id=\"622\"\/>\n         <span class=\"title\">Estado Anal\u00edtico Clasificaci\u00f3n Por Objeto Del Gasto<\/span>\n      <\/a>\n   <\/div>\n   <div class=\"document-icon\">\n      <a href=\"https:\/\/chiladelasal.gob.mx\/web\/wp-content\/uploads\/2022\/11\/Estado-Analitico-de-la-Deuda-y-Otros-Pasivos-2.pdf\" target=\"_self\">\n         <img decoding=\"async\" src=\"https:\/\/chiladelasal.gob.mx\/web\/wp-content\/plugins\/document-gallery\/src\/assets\/icons\/pdf.png\" title=\"Estado Anal\u00edtico De La Deuda Y Otros Pasivos\" alt=\"Estado Anal\u00edtico De La Deuda Y Otros Pasivos\" data-ext=\"pdf\" data-id=\"623\"\/>\n         <span class=\"title\">Estado Anal\u00edtico De La Deuda Y Otros Pasivos<\/span>\n      <\/a>\n   <\/div>\n   <div class=\"document-icon\">\n      <a href=\"https:\/\/chiladelasal.gob.mx\/web\/wp-content\/uploads\/2022\/11\/Estado-Analitico-del-Activo-2.pdf\" target=\"_self\">\n         <img decoding=\"async\" src=\"https:\/\/chiladelasal.gob.mx\/web\/wp-content\/plugins\/document-gallery\/src\/assets\/icons\/pdf.png\" title=\"Estado Anal\u00edtico Del Activo\" alt=\"Estado Anal\u00edtico Del Activo\" data-ext=\"pdf\" data-id=\"624\"\/>\n         <span class=\"title\">Estado Anal\u00edtico Del Activo<\/span>\n      <\/a>\n   <\/div>\n\n<\/div>\n<div class='document-icon-row'>\n   <div class=\"document-icon\">\n      <a href=\"https:\/\/chiladelasal.gob.mx\/web\/wp-content\/uploads\/2022\/11\/Endeudamiento-Neto-2.pdf\" target=\"_self\">\n         <img decoding=\"async\" src=\"https:\/\/chiladelasal.gob.mx\/web\/wp-content\/plugins\/document-gallery\/src\/assets\/icons\/pdf.png\" title=\"Endeudamiento Neto\" alt=\"Endeudamiento Neto\" data-ext=\"pdf\" data-id=\"618\"\/>\n         <span class=\"title\">Endeudamiento Neto<\/span>\n      <\/a>\n   <\/div>\n   <div class=\"document-icon\">\n      <a href=\"https:\/\/chiladelasal.gob.mx\/web\/wp-content\/uploads\/2022\/11\/Conciliacion-2.pdf\" target=\"_self\">\n         <img decoding=\"async\" src=\"https:\/\/chiladelasal.gob.mx\/web\/wp-content\/plugins\/document-gallery\/src\/assets\/icons\/pdf.png\" title=\"Conciliaci\u00f3n\" alt=\"Conciliaci\u00f3n\" data-ext=\"pdf\" data-id=\"617\"\/>\n         <span class=\"title\">Conciliaci\u00f3n<\/span>\n      <\/a>\n   <\/div>\n\n<\/div>\n<\/div>\n","protected":false},"excerpt":{"rendered":"","protected":false},"author":1,"featured_media":0,"parent":775,"menu_order":0,"comment_status":"closed","ping_status":"closed","template":"","meta":{"footnotes":""},"class_list":["post-789","page","type-page","status-publish","hentry"],"_links":{"self":[{"href":"https:\/\/chiladelasal.gob.mx\/web\/wp-json\/wp\/v2\/pages\/789","targetHints":{"allow":["GET"]}}],"collection":[{"href":"https:\/\/chiladelasal.gob.mx\/web\/wp-json\/wp\/v2\/pages"}],"about":[{"href":"https:\/\/chiladelasal.gob.mx\/web\/wp-json\/wp\/v2\/types\/page"}],"author":[{"embeddable":true,"href":"https:\/\/chiladelasal.gob.mx\/web\/wp-json\/wp\/v2\/users\/1"}],"replies":[{"embeddable":true,"href":"https:\/\/chiladelasal.gob.mx\/web\/wp-json\/wp\/v2\/comments?post=789"}],"version-history":[{"count":1,"href":"https:\/\/chiladelasal.gob.mx\/web\/wp-json\/wp\/v2\/pages\/789\/revisions"}],"predecessor-version":[{"id":791,"href":"https:\/\/chiladelasal.gob.mx\/web\/wp-json\/wp\/v2\/pages\/789\/revisions\/791"}],"up":[{"embeddable":true,"href":"https:\/\/chiladelasal.gob.mx\/web\/wp-json\/wp\/v2\/pages\/775"}],"wp:attachment":[{"href":"https:\/\/chiladelasal.gob.mx\/web\/wp-json\/wp\/v2\/media?parent=789"}],"curies":[{"name":"wp","href":"https:\/\/api.w.org\/{rel}","templated":true}]}}